 a and o.
5
Suppose -k - 20874 = 4*k - 19*k. What is the highest common factor of 1278 and k?
213
Let j be (-2)/(-30)*-2 + (-18913664)/(-25080). What is the highest common factor of 2494 and j?
58
Suppose 10 = 5*f - 5*k, 5*f + 4*k - 31 + 3 = 0. Suppose -f*i + 150 = -2*a, -175 = -19*i + 14*i + 5*a. What is the greatest common factor of 200 and i?
40
Suppose -34*c + 7178 + 6354 = 0. Let q = -379 + c. What is the highest common divisor of q and 38?
19
Let c be 1/(-3) - (-8)/(-3). Let m be (-2 - (c - 0))*33. Let q be 96/18 - (-10750)/645. Calculate the greatest common factor of m and q.
11
Let u(f) = f**2 - 3 + 4*f**3 - 12*f**2 + 12*f - 2*f**3 - f**3. Let r be -25*(18/5 - (0 - -4)). Let n be u(r). What is the greatest common divisor of 85 and n?
17
Suppose 3*b - 3*f + 8 - 119 = 0, 0 = 2*b + 3*f - 94. Let z = -27 + b. Suppose -154 = -4*r + 3*r. Calculate the greatest common divisor of r and z.
14
Suppose 66*w - 6528 = -70*w. What is the highest common divisor of w and 592?
16
Let s(l) = -23*l - 1871. Let m be s(-85). Calculate the greatest common divisor of 6020 and m.
28
Suppose -160*d = -17023 - 39937. What is the greatest common divisor of 979 and d?
89
Let p = -3938 - -4043. Calculate the highest common factor of p and 945.
105
Let f(a) = -a + 11. Suppose -4*l = -5*l + 13. Suppose -7*b - 36 = -l*b. Let t be f(b). Calculate the highest common factor of t and 5.
5
Suppose 4*p = -4*t + 593 + 411, -5*t = 3*p - 761. Let r(n) = 14*n**3 + 14*n - 15. Let d be r(1). What is the highest common factor of d and p?
13
Suppose -q = 4*q - 25. Let p be 2 - q - -2 - 2. Let a be p + (-9)/((-9)/14). Calculate the greatest common factor of a and 33.
11
Suppose -5979 - 18771 = -15*m. Suppose 35*v - 10*v - m = 0. Calculate the highest common divisor of v and 528.
66
Let u(h) = 22*h**3 - 3*h**2 - 100*h + 487. Let r be u(6). What is the highest common factor of 46 and r?
23
Let b = 40 - 46. Let z be b/(-10) - (-3282)/30. What is the highest common divisor of 20 and z?
10
Let h = 183 - 175. Let b be 1*226 - 0*(-4)/(-8). Suppose 4*q = 2*c + b, -2*c = -4*q - 4*c + 222. Calculate the highest common divisor of h and q.
8
Let s be -98*12/(-336)*(-12)/(-7). What is the highest common divisor of 7338 and s?
6
Suppose -t - 3 + 7 = 0. Suppose -t*q - 418 = 54. Let s = -63 - q. What is the highest common divisor of s and 11?
11
Let h = 6926 + 6954. What is the greatest common factor of h and 20?
20
Let g be ((-398)/4)/(-2*1/4). Let t = g + -293. Let z = t + 134. Calculate the highest common factor of 8 and z.
8
Let p be (36/(-5))/((-6)/160). Suppose 0 = 5*f + 5*j - 230, -3*f - 3*j = -4*f + 62. Suppose -f*a + 72 = -47*a. Calculate the highest common divisor of p and a.
24
Let b = -202 - 24. Let s = b - -245. What is the greatest common factor of 2 and s?
1
Suppose -3*l = 90 - 1953. Let s = -1848 - -1875. What is the greatest common divisor of s and l?
27
Suppose z + 7*v - 3*v = 1, -3*z + 4*v = -83. Suppose 17 = h + 5*p, -z*h + 20*h + 26 = 2*p. Calculate the highest common factor of h and 16.
16
Let s(w) = -w**2 + 6*w - 4. Let k be s(7). Let z be (-15)/30 - k/2. Suppose 0 = -z*m + 45 + 5. What is the greatest common divisor of 30 and m?
10
Suppose 8*i + 291 = 12*i + 3*u, 5*i - 5*u - 355 = 0. Suppose -1638 = i*k - 90*k. What is the greatest common divisor of 52 and k?
13
Suppose -10*w - 175 = -15*w. Suppose w = 5*q - 10. Let y be (30/8)/(q/612). Calculate the greatest common factor of y and 51.
51
Let y(w) = w**3 + 2*w**2 + 4*w - 10. Let m be y(2). What is the greatest common factor of m and 13118?
14
Let l be (-2)/(-12)*-3*0. Suppose c - 4*k - 51 = 0, 2*c - 4*k - 46 - 36 = l. Let o = c + 5. Calculate the highest common factor of 18 and o.
18
Suppose -3*a - 557 - 178 = 0. Let z = a + 432. Calculate the greatest common divisor of z and 17.
17
Let a = 21321 + -11806. What is the highest common factor of 11 and a?
11
Let g(d) = -33*d + 2452. Let q be g(74). Calculate the highest common divisor of q and 46.
2
Suppose 2*h + 4*j - 21 - 13 = 0, 3*h - 4*j = 21. Suppose 1625 + 1213 = 6*p. What is the highest common divisor of h and p?
11
Suppose -3 = -2*p + b + 1, -4*p + 5*b + 8 = 0. Suppose p*s = -12 + 40. What is the highest common factor of s and 350?
14
Let v(n) = 14*n**3 - 7*n**2 + 79*n - 389. Let l be v(5). Calculate the highest common factor of 186 and l.
93
Let m = -2846 + 2998. Calculate the greatest common divisor of 171 and m.
19
Let y(d) = -d**3 - 12*d**2 + 29*d + 16. Let j be y(-14). Let b be 28 + (-2 + j - 4). What is the greatest common divisor of 104 and b?
8
Suppose 5*p = 3*p - 10, -3*d = 5*p + 13. What is the greatest common factor of 1772 and d?
4
Let o be (1 + 13/(-7))/(38/((-111188)/114)). What is the greatest common divisor of o and 24706?
22
Suppose 9*c - w = 10*c + 413, 4*c + 1653 = -5*w. Let j = 1075 + c. What is the greatest common factor of j and 39?
39
Suppose z - 791*s + 794*s - 6087 = 0, -z - 4*s = -6088. What is the highest common divisor of z and 54?
18
Let r(z) = -26*z + 967. Let q be r(35). Calculate the greatest common factor of q and 399.
57
Let y be -1 - -9 - (-1 + 4). Suppose 135 = i + y*f, 5 = -3*f - 2*f. Calculate the greatest common divisor of 35 and i.
35
Let s(g) = 23*g + 4. Let p be s(3). Let y = 22 + p. Suppose 97*l - y = 96*l. Calculate the highest common factor of 38 and l.
19
Suppose -3*m + 870 = 3*n, n + 338 = 5*m - 1100. What is the highest common factor of m and 81?
9
Suppose -m = -4*k - 2308, 16*k = 2*m + 20*k - 4532. Calculate the highest common divisor of m and 72.
24
Let t = -989 - -1121. What is the greatest common factor of t and 564?
12
Let h be 3*(3 + 15/9). Suppose -45 = -5*k - n, -n + 4*n - 39 = -3*k. Let c(m) = 15*m + 6. Let w be c(k). What is the highest common factor of w and h?
14
Let l = -576 + 1745. Suppose 0 = -9*f + l + 127. Let r = 13 + 3. What is the greatest common divisor of f and r?
16
Let g = -1383 + 1375. Let m be ((-3)/6)/(1/58). Let a = g - m. Calculate the highest common divisor of 147 and a.
21
Suppose 12*l = 6*l + 306. Let t = 74 + -40. Calculate the greatest common divisor of t and l.
17
Suppose 3*a + 151 = 4*y - 2*a, 0 = -4*y + a + 155. Suppose 1184*w + 62545 - 351047 = 311786. What is the greatest common factor of w and y?
39
Let b(v) = v**3 - v**2 - 8*v + 8. Let c be b(3). Let j = 33 + -28. Suppose -26 = -2*r - s, 0 = 2*s - 1 + j. What is the greatest common factor of r and c?
2
Suppose -155298*o = -155281*o - 8160. What is the greatest common divisor of o and 2472?
24
Let o(y) = 205*y - 3049. Let c be o(15). Calculate the highest common divisor of 559 and c.
13
Let m(s) = -20*s**2 + 16*s**3 - 17*s**3 - 13 - 17*s + 16 + 41. Let c be m(-19). Suppose -6*x + 7 = -5. Calculate the greatest common factor of x and c.
2
Suppose -36134 + 218233 = 31*m - 193776. What is the highest common factor of 125 and m?
125
Suppose 5*x = 1080 + 160. Calculate the highest common factor of x and 48.
8
Let i = -28052 - -30777. Calculate the highest common divisor of 436 and i.
109
Suppose -2*g - 2*g = -3*r - 1830, g + 3*r - 465 = 0. Suppose 2*x + 214 = 7*q - 3*q, -3*q = 2*x - 143. Calculate the greatest common factor of q and g.
51
Let z = 56 + -61. Let f be ((-14)/z)/(2/20). Calculate the highest common factor of f and 4.
4
Let n(k) = 2*k**2 - 17*k + 118. Let l be 11 + -8 - 3/(-1). Let a be n(l). Calculate the greatest common factor of 16 and a.
8
Suppose -c + 3*l = -4 - 602, 2*c + 5*l = 1245. Calculate the highest common divisor of c and 255.
15
Let z be (-755780)/(-106) + (5 - 18). What is the greatest common divisor of 99 and z?
11
Let j = -554 + 143. Let g = j - -696. What is the highest common factor of g and 114?
57
Let v(j) = 7*j + 95. Let u be v(0). Let t(y) = 16*y - 202. Let n be t(15). What is the highest common factor of u and n?
19
Let u(h) = 596*h - 1773. Let s be u(3). Suppose -4*x + 3*j + 2370 = -x, x + 5*j - 820 = 0. What is the highest common divisor of x and s?
15
Let y be (-92)/(-15) + (-4)/30. Suppose 180 = y*u - u. Let h be (0 - 40/3)*1755/(-130). Calculate the greatest common factor of u and h.
36
Let u(p) = 47*p + 2176. Let b be u(-43). What is the highest common divisor of 3317 and b?
31
Suppose 4*b - 3585 = 539. Suppose -7*p = -19 - b. Calculate the highest common divisor of 70 and p.
10
Let z = 3615